common factor of r and s.
16
Suppose 5 + 15 = b. Suppose 3*x - 24 = -3*x. Calculate the highest common divisor of b and x.
4
Suppose -1134 = -5*a + 3*n - 204, -5*a + 920 = -5*n. Calculate the greatest common divisor of 252 and a.
63
Suppose 0 = 11*r - 6*r - 10, 5*r = 5*d - 325. Calculate the highest common divisor of 402 and d.
67
Suppose -d = -12*d + 3047. Let c = 473 - d. Calculate the highest common divisor of c and 28.
28
Suppose 0 = 13*m - 12*m - 72. What is the greatest common factor of 16 and m?
8
Let n = -5 - 13. Let a = 33 + n. What is the highest common factor of 3 and a?
3
Let t = 8 - 2. Suppose 0 = -t*s + s - 50. Let d be (192/(-80))/(4/s). Calculate the highest common factor of 42 and d.
6
Suppose 109 = 11*p - 881. Calculate the greatest common divisor of 1770 and p.
30
Let u = -422 + 432. Let l(d) = -d**3 + 2*d**2 + 3*d + 6. Let x be l(-4). What is the greatest common factor of x and u?
10
Let u(w) = -w**3 - 7*w**2 - 4*w + 15. Let t be u(-6). Let d(m) = -4*m**2 + 13*m + 4. Let r be d(t). Calculate the highest common factor of 49 and r.
7
Let t = 161 + -145. Calculate the greatest common divisor of t and 10.
2
Let f be 9/((-27)/2)*-6. Let d be ((-18)/f)/((-11)/22). What is the greatest common divisor of 3 and d?
3
Suppose 14 = y + 4*p + 4, -4*y - 3*p = -14. What is the greatest common factor of 466 and y?
2
Suppose -1878 + 774 + 704 = -20*v. Let i be 4/(-3*(-4)/6). What is the highest common divisor of i and v?
2
Suppose -129 = -3*y - 3*c, -3*c = y + 2*c - 39. Calculate the highest common factor of y and 99.
11
Suppose 0*f + 26 = 2*z - 4*f, z + 3*f - 33 = 0. Let n(k) = -33*k - 144. Let m be n(-5). What is the highest common divisor of z and m?
21
Let z = -370 - -198. Let n = z - -260. What is the highest common factor of 8 and n?
8
Suppose -33 - 23 = -4*u. Suppose h = -4*h. Let v be (1 + -1 - h) + 2. Calculate the greatest common divisor of u and v.
2
Let z = -41 - -76. What is the highest common factor of 15 and z?
5
Suppose 5*o + 3*m = 5 + 16, 0 = 2*o - 4*m + 2. Suppose -o*v - 2 = -8. Let a be v + -3*196/(-6). What is the highest common divisor of 40 and a?
20
Let n(d) = -2*d**2 + d + 9. Let r(f) = -5*f**2 + 3*f + 28. Let h(c) = -8*n(c) + 3*r(c). Let j be h(0). Calculate the highest common divisor of 3 and j.
3
Let v be ((-4)/8*-3)/((-1)/(-2)). Suppose -7*z + 168 = -v*z. What is the highest common divisor of z and 6?
6
Let h(v) = 18*v. Let l be h(-1). Let i(b) = b**3 - 2*b**2 + b. Let n be i(3). Let a be (-120)/l*n/5. Calculate the greatest common factor of 4 and a.
4
Suppose 26 = y - 19. Let r = 70 - y. Let u = 0 - -5. What is the greatest common factor of u and r?
5
Let v = 75 + 105. Let h be 9/12 + v/16. Calculate the greatest common divisor of h and 18.
6
Let f(l) = l**2 - 13*l + 9. Let c(w) = w + 26. Let r be c(-11). Let z be f(r). Calculate the greatest common factor of 156 and z.
39
Suppose 0 = -2*c + 7*c + 300. Let p be (72/c)/(3/110). Let k = 36 - p. Calculate the highest common factor of k and 20.
20
Let l(z) = -3*z - 6. Let w be l(-6). Let q(c) = -3*c + 81. Let o be q(17). What is the greatest common divisor of o and w?
6
Let d be 16/(-32) - 322/4. Let a be 3 - ((-1 - -1) + d). Suppose 5*z = b + 120, -3*z + 2*b + a = -b. Calculate the greatest common factor of z and 46.
23
Let s(v) = v**3 + 6*v**2 + 2*v - 2. Let q be s(-5). Let l be q/(-52) + (-110)/8. Let j = l + 24. What is the highest common factor of j and 10?
10
Suppose -9*j - 2*a = -4*j - 26, j - 19 = -5*a. Calculate the greatest common divisor of j and 16.
4
Suppose 0 = 3*j - 448 + 421. What is the highest common factor of j and 6?
3
Let l be 357/(((-6)/9)/((-24)/54)). Calculate the greatest common divisor of 56 and l.
14
Let j be 18*(3 - (2 + 0)). Suppose -t + 3*i + 228 = 0, -4*t + 2*i + 872 = -0*t. Suppose 4*r = -0*r + t. What is the highest common divisor of j and r?
18
Let z = -32 - -34. Let v be z/((-4)/(-238)) + 0. Calculate the greatest common factor of v and 17.
17
Let t(x) = -x**3 + 5*x**2 - 3*x + 2. Let v be t(3). Let l = 178 - 90. Calculate the highest common divisor of l and v.
11
Let a = -128 - -132. What is the greatest common divisor of 124 and a?
4
Let c be -26*6/(-24)*6. Calculate the greatest common divisor of c and 26.
13
Let a = -8 - -22. Let b = 16 - a. Suppose 405 = b*x + 3*x. Calculate the highest common factor of x and 54.
27
Let b(v) = -v + 14. Let r be b(18). Let c be r*2/(-8) - -17. Let d(l) = l**2 - 17*l - 4. Let i be d(c). What is the highest common divisor of i and 7?
7
Let d(n) = 19*n - 5. Let l be d(5). Suppose -33*p + 180 = -15*p. Calculate the highest common factor of p and l.
10
Suppose 512 - 1241 = -9*l. What is the highest common factor of 18 and l?
9
Suppose 0 = -n - 2*s + 12, -3*n - 42*s + 30 = -39*s. Calculate the highest common factor of n and 248.
8
Let k be (30/(-36))/((-1)/48). What is the greatest common divisor of 152 and k?
8
Let m(w) = w**2 - 12*w + 12. Let z be m(11). What is the highest common divisor of 47 and z?
1
Suppose -8 = 2*r + 2*r, 2*r - 28 = -4*n. Suppose -2*z + 16 = -5*y, z - 5*y = -3*y + n. Let o = 2 + z. Calculate the greatest common factor of o and 80.
10
Suppose -264*k + 630 = -254*k. What is the greatest common factor of 525 and k?
21
Suppose 2*y - 5*y = 4*g - 1530, -3*g + 1158 = -3*y. Suppose 3*u + 3*u = g. What is the greatest common factor of 16 and u?
16
Suppose 2*c - 179 = 1. Calculate the highest common factor of 50 and c.
10
Suppose 0 = -37*u + 41756 - 4497. What is the highest common divisor of u and 19?
19
Suppose 0 = 1148*a - 1139*a - 238 + 22. Let o = -40 + 100. What is the highest common factor of o and a?
12
Let k be 298 + (5/(-10))/(4/(-24)). Calculate the greatest common factor of k and 129.
43
Let o be (-1)/1 + (-110)/(-11). Calculate the highest common divisor of o and 981.
9
Suppose -7*s - 20 = -2*y - 8*s, -4 = 2*s. Suppose -2*i - y = -31. Calculate the greatest common divisor of i and 40.
10
Let g(s) = -s**2 - 8*s + 12. Let f be g(-9). Let u = f + 10. Suppose 0 = o + 4*x - 10 - 12, o + x - u = 0. What is the greatest common factor of 10 and o?
10
Let t be -2*6/20 + 20636/110. Calculate the greatest common divisor of 85 and t.
17
Let b = -162 + 166. Calculate the greatest common factor of 3 and b.
1
Let m(a) = a**3 + a + 2. Let j be m(-3). Let x(d) = -5*d**2 - 2*d + 2. Let l be x(-2). Let s = l - j. What is the highest common divisor of s and 126?
14
Suppose 7433 = -17*w + 18976. What is the greatest common factor of 97 and w?
97
Let h be (-15)/6*((-24)/(-20) + -2). Suppose 5*f - 5*z = 205, -h*f - 3*z = z - 76. Let s be 5*1/(2 + -1). Calculate the highest common factor of f and s.
5
Let h be 54/4*(-16)/(-6). Let l be 66/(5/120*4). Calculate the greatest common divisor of l and h.
36
Suppose 0 = 3*b + 2*s - 22, -2*b + 2*s + 24 = s. Suppose -u = 4*u - b. Let n be ((-9)/(-2) + u)*40. What is the highest common divisor of n and 26?
26
Let b be (22/(-4))/(2/(-4)). Let a be (-8)/(-60) - 17/30*-58. Calculate the highest common divisor of b and a.
11
Let u = 39 - -5. Let s(a) = -34 + a**2 + 2*a + 8*a + 17. Let w be s(-13). Calculate the highest common factor of u and w.
22
Let w be (8/(-10))/(7/(-420)). Let q(y) = -y**2 + 3*y - 2. Let u be q(2). Suppose -2*m - 2 + 14 = u. What is the highest common divisor of m and w?
6
Suppose 301 = -7*h + 1162. Calculate the greatest common divisor of 41 and h.
41
Let h(s) = -s**2 - 9*s + 2. Let u be h(-9). Suppose -1 = -a + u. Suppose -a*t + 9 + 9 = 0. Calculate the greatest common divisor of t and 66.
6
Let p(h) = h**3 + 9*h**2 - 3*h + 1. Suppose -g - 45 = 4*g. Let n be p(g). Suppose 6*z - 4*z - n = 0. Calculate the greatest common factor of z and 2.
2
Let k = 348 - 326. What is the highest common divisor of 55 and k?
11
Let q = -2756 + 3036. Calculate the greatest common factor of q and 30.
10
Let i(s) = -s. Let x(k) = 2*k - 16. Let u(o) = i(o) + x(o). Let p be u(0). Let h be (-3*3)/(12/p). What is the greatest common factor of h and 48?
12
Let j(x) = 11*x - 3 - 10 + 7*x - x**2. Let v be j(16). Calculate the greatest common factor of v and 209.
19
Let h be (-8 - 9 - -11)*52/(-3). What is the highest common divisor of h and 1768?
104
Let v = 35 + -30. Suppose v*g - 45 = 5. Calculate the greatest common factor of g and 40.
10
Let t be 8/(-10) - (